80239
What are the prime factors of 171854?
2, 29, 2963
List the prime factors of 71948.
2, 17987
List the prime factors of 79522.
2, 39761
List the prime factors of 99319.
11, 9029
List the prime factors of 172804.
2, 43201
What are the prime factors of 15556252?
2, 3889063
What are the prime factors of 7070462?
2, 7, 505033
List the prime factors of 826418.
2, 359, 1151
What are the prime factors of 191917?
11, 73, 239
What are the prime factors of 209740?
2, 5, 10487
List the prime factors of 13851917.
1117, 12401
What are the prime factors of 139854?
2, 3, 11, 13, 163
What are the prime factors of 22138613?
7, 3162659
List the prime factors of 14774877.
3, 13, 37, 3413
What are the prime factors of 536849?
536849
List the prime factors of 94737.
3, 23, 1373
List the prime factors of 12257944.
2, 1532243
List the prime factors of 43252984.
2, 5406623
What are the prime factors of 10337409?
3, 382867
What are the prime factors of 14865?
3, 5, 991
What are the prime factors of 2690509?
157, 17137
List the prime factors of 31818106.
2, 15909053
List the prime factors of 9980695.
5, 53, 37663
What are the prime factors of 503270?
2, 5, 59, 853
What are the prime factors of 22668861?
3, 7556287
List the prime factors of 4182531.
3, 1394177
List the prime factors of 4038696.
2, 3, 56093
What are the prime factors of 64883?
7, 13, 23, 31
List the prime factors of 3068360.
2, 5, 79, 971
What are the prime factors of 146643?
3, 7, 6983
What are the prime factors of 294336?
2, 3, 7, 73
List the prime factors of 1048466.
2, 29, 18077
List the prime factors of 145147.
173, 839
What are the prime factors of 4136459?
4136459
What are the prime factors of 2116012?
2, 529003
What are the prime factors of 4446658?
2, 2223329
List the prime factors of 1266988.
2, 73, 4339
List the prime factors of 2004186.
2, 3, 334031
List the prime factors of 8158380.
2, 3, 5, 227, 599
What are the prime factors of 185516?
2, 19, 2441
List the prime factors of 10328483.
11, 938953
What are the prime factors of 5143233?
3, 1714411
List the prime factors of 487938.
2, 3, 11, 7393
What are the prime factors of 238480?
2, 5, 11, 271
List the prime factors of 4624120.
2, 5, 115603
What are the prime factors of 945491?
211, 4481
What are the prime factors of 233300?
2, 5, 2333
What are the prime factors of 208769?
11, 18979
What are the prime factors of 23617286?
2, 7, 11, 153359
List the prime factors of 1377525.
3, 5, 18367
List the prime factors of 31857331.
11, 2896121
List the prime factors of 476545.
5, 191, 499
What are the prime factors of 2125697?
7, 17, 17863
What are the prime factors of 1446432?
2, 3, 13, 19, 61
What are the prime factors of 534775?
5, 21391
What are the prime factors of 13058193?
3, 17, 53, 4831
What are the prime factors of 1467148?
2, 366787
What are the prime factors of 14292801?
3, 17, 31139
What are the prime factors of 633445?
5, 151, 839
List the prime factors of 520913.
520913
List the prime factors of 5341846.
2, 2670923
List the prime factors of 1343566.
2, 7, 19, 5051
List the prime factors of 4727265.
3, 5, 83, 3797
What are the prime factors of 2733246?
2, 3, 151847
What are the prime factors of 4599953?
4599953
List the prime factors of 352827.
3, 197, 199
List the prime factors of 728598.
2, 3, 13, 9341
What are the prime factors of 9802?
2, 13, 29
List the prime factors of 1319484.
2, 3, 31, 3547
List the prime factors of 14000553.
3, 7, 74077
List the prime factors of 4690828.
2, 71, 83, 199
List the prime factors of 15878154.
2, 3, 739, 3581
What are the prime factors of 2667712?
2, 73, 571
What are the prime factors of 18714195?
3, 5, 17, 1439
What are the prime factors of 542645?
5, 108529
List the prime factors of 15136.
2, 11, 43
List the prime factors of 531081.
3, 59009
List the prime factors of 1288392.
2, 3, 7, 7669
What are the prime factors of 454330?
2, 5, 45433
What are the prime factors of 1596699?
3, 13, 4549
List the prime factors of 45912.
2, 3, 1913
What are the prime factors of 12406?
2, 6203
What are the prime factors of 1206137?
59, 20443
What are the prime factors of 15749681?
269, 58549
What are the prime factors of 1200018?
2, 3, 200003
List the prime factors of 4468121.
7, 638303
List the prime factors of 9692462.
2, 13, 113, 3299
What are the prime factors of 2397479?
7, 342497
List the prime factors of 106476.
2, 3, 19, 467
List the prime factors of 55501.
55501
List the prime factors of 5035999.
5035999
List the prime factors of 137405.
5, 27481
List the prime factors of 578779.
578779
List the prime factors of 269986.
2, 61, 2213
What are the prime factors of 3009897?
3, 11, 30403
List the prime factors of 577646.
2, 288823
List the prime factors of 4112190.
2, 3, 5, 45691
What are the prime factors of 1227898?
2, 7, 229, 383
List the prime factors of 2402346.
2, 3, 400391
List the prime factors of 4767007.
7, 681001
List the prime factors of 1623744.
2, 3, 2819
List the prime factors of 1400054.
2, 700027
What are the prime factors of 534403?
534403
What are the prime factors of 1533713?
1533713
What are the prime factors of 8928721?
8928721
List the prime factors of 423644.
2, 13, 8147
What are the prime factors of 22431947?
22431947
List the prime factors of 39399043.
37, 719, 1481
What are the prime factors of 1943754?
2, 3, 29, 11171
What are the prime factors of 764873?
101, 7573
What are the prime factors of 622291?
113, 5507
What are the prime factors of 211252?
2, 52813
List the prime factors of 57481.
47, 1223
List the prime factors of 136360.
2, 5, 7, 487
List the prime factors of 9265363.
67, 138289
List the prime factors of 30930143.
30930143
What are the prime factors of 3170173?
139, 22807
List the prime factors of 2494830.
2, 3, 5, 13, 6397
List the prime factors of 8225082.
2, 3, 456949
What are the prime factors of 213368?
2, 149, 179
What are the prime factors of 6500684?
2, 1625171
What are the prime factors of 1378161?
3, 51043
What are the prime factors of 2182880?
2, 5, 7, 1949
What are the prime factors of 740732?
2, 185183
List the prime factors of 11277338.
2, 307, 18367
List the prime factors of 15337156.
2, 1031, 3719
What are the prime factors of 299905?
5, 59981
What are the prime factors of 611030?
2, 5, 7, 29, 43
What are the prime factors of 2253644?
2, 563411
List the prime factors of 387431.
11, 35221
What are the prime factors of 104603?
29, 3607
List the prime factors of 3652336.
2, 53, 59, 73
What are the prime factors of 808551?
3, 89839
What are the prime factors of 14579?
61, 239
What are the prime factors of 206775?
3, 5, 919
List the prime factors of 3817259.
3817259
List the prime factors of 284275.
5, 83, 137
List the prime factors of 26631821.
31, 859091
What are the prime factors of 1583426?
2, 13, 60901
What are the prime factors of 9997146?
2, 3, 373, 1489
What are the prime factors of 12577690?
2, 5, 181, 6949
List the prime factors of 2809.
53
What are the prime factors of 424919?
11, 38629
List the prime factors of 367590.
2, 3, 5, 12253
What are the prime factors of 125388?
2, 3, 43
List the prime factors of 5662431.
3, 281, 2239
List the prime factors of 66180.
2, 3, 5, 1103
List the prime factors of 307554.
2, 3, 13, 3943
What are the prime factors of 155057?
7, 17, 1303
List the prime factors of 4127261.
173, 23857
List the prime factors of 355346.
2, 127, 1399
What are the prime factors of 9082631?
23, 394897
What are the prime factors of 353534?
2, 47, 3761
List the prime factors of 164814.
2, 3, 13, 2113
List the prime factors of 4160380.
2, 5, 7, 29717
What are the prime factors of 2637355?
5, 7, 75353
List the prime factors of 188697.
3, 31, 2029
List the prime factors of 97641.
3, 19, 571
List the prime factors of 36464788.
2, 9116197
List the prime factors of 125169.
3, 11, 3793
What are the prime factors of 8743186?
2, 4371593
What are the prime factors of 124896?
2, 3, 1301
What are the prime factors of 1009968?
2, 3, 53, 397
List the prime factors of 9253544.
2, 23, 50291
What are the prime factors of 4442106?
2, 3, 740351
What are the prime factors of 449149?
449149
List the prime factors of 109554.
2, 3, 19, 31
What are the prime factors of 9594642?
2, 3, 229, 6983
What are the prime factors of 8786313?
3, 67, 1619
What are the prim